{"id":1344,"date":"2026-04-07T22:24:07","date_gmt":"2026-04-07T22:24:07","guid":{"rendered":"https:\/\/gosmarina.com\/?page_id=1344"},"modified":"2026-04-10T15:59:27","modified_gmt":"2026-04-10T15:59:27","slug":"la-marina","status":"publish","type":"page","link":"http:\/\/gosmarina.com\/english\/la-marina\/","title":{"rendered":"The Marina"},"content":{"rendered":"<div data-elementor-type=\"wp-page\" data-elementor-id=\"1344\" class=\"elementor elementor-1344\" data-elementor-post-type=\"page\">\n\t\t\t\t<div class=\"elementor-element elementor-element-c36f44e e-con-full e-flex e-con e-parent\" data-id=\"c36f44e\" data-element_type=\"container\" data-e-type=\"container\" data-settings=\"{&quot;background_background&quot;:&quot;classic&quot;}\">\n\t\t<div class=\"elementor-element elementor-element-e43e01a e-con-full e-flex e-con e-child\" data-id=\"e43e01a\" data-element_type=\"container\" data-e-type=\"container\" data-settings=\"{&quot;background_background&quot;:&quot;classic&quot;}\">\n\t\t\t\t<\/div>\n\t\t<div class=\"elementor-element elementor-element-59ee6b9 e-con-full e-flex e-con e-child\" data-id=\"59ee6b9\" data-element_type=\"container\" data-e-type=\"container\" data-settings=\"{&quot;background_background&quot;:&quot;classic&quot;}\">\n\t\t\t\t<div class=\"elementor-element elementor-element-5e3a230 animated-slow elementor-invisible elementor-widget elementor-widget-text-editor\" data-id=\"5e3a230\" data-element_type=\"widget\" data-e-type=\"widget\" data-settings=\"{&quot;_animation&quot;:&quot;fadeIn&quot;}\" data-widget_type=\"text-editor.default\">\n\t\t\t\t<div class=\"elementor-widget-container\">\n\t\t\t\t\t\t\t\t\t<p class=\"p2\">Designed for those who experience the sea differently.<\/p>\t\t\t\t\t\t\t\t<\/div>\n\t\t\t\t<\/div>\n\t\t\t\t<div class=\"elementor-element elementor-element-65e228a animated-slow elementor-invisible elementor-widget elementor-widget-text-editor\" data-id=\"65e228a\" data-element_type=\"widget\" data-e-type=\"widget\" data-settings=\"{&quot;_animation&quot;:&quot;fadeIn&quot;}\" data-widget_type=\"text-editor.default\">\n\t\t\t\t<div class=\"elementor-widget-container\">\n\t\t\t\t\t\t\t\t\t<p class=\"p1\">GOS Marina is a next-generation nautical development that combines advanced infrastructure, functional design, and a contemporary vision of luxury.<\/p><p class=\"p1\">With capacity for vessels from 40 to 120 feet, it offers a secure, efficient, and aesthetically elevated environment.<\/p>\t\t\t\t\t\t\t\t<\/div>\n\t\t\t\t<\/div>\n\t\t\t\t<\/div>\n\t\t\t\t<\/div>\n\t\t<div class=\"elementor-element elementor-element-a09e885 elementor-hidden-desktop elementor-hidden-tablet_extra e-flex e-con-boxed e-con e-parent\" data-id=\"a09e885\" data-element_type=\"container\" data-e-type=\"container\" data-settings=\"{&quot;background_background&quot;:&quot;classic&quot;}\">\n\t\t\t\t\t<div class=\"e-con-inner\">\n\t\t\t\t<div class=\"elementor-element elementor-element-08e6c95 animated-slow elementor-invisible elementor-widget elementor-widget-text-editor\" data-id=\"08e6c95\" data-element_type=\"widget\" data-e-type=\"widget\" data-settings=\"{&quot;_animation&quot;:&quot;fadeIn&quot;}\" data-widget_type=\"text-editor.default\">\n\t\t\t\t<div class=\"elementor-widget-container\">\n\t\t\t\t\t\t\t\t\t<p>INFRASTRUCTURE<\/p>\t\t\t\t\t\t\t\t<\/div>\n\t\t\t\t<\/div>\n\t\t\t\t\t<\/div>\n\t\t\t\t<\/div>\n\t\t<div class=\"elementor-element elementor-element-c246867 e-flex e-con-boxed e-con e-parent\" data-id=\"c246867\" data-element_type=\"container\" data-e-type=\"container\" data-settings=\"{&quot;background_background&quot;:&quot;classic&quot;}\">\n\t\t\t\t\t<div class=\"e-con-inner\">\n\t\t<div class=\"elementor-element elementor-element-9ff7c6d e-con-full e-flex e-con e-child\" data-id=\"9ff7c6d\" data-element_type=\"container\" data-e-type=\"container\">\n\t\t\t\t<div class=\"elementor-element elementor-element-3926fdf animated-slow elementor-invisible elementor-widget elementor-widget-text-editor\" data-id=\"3926fdf\" data-element_type=\"widget\" data-e-type=\"widget\" data-settings=\"{&quot;_animation&quot;:&quot;fadeIn&quot;}\" data-widget_type=\"text-editor.default\">\n\t\t\t\t<div class=\"elementor-widget-container\">\n\t\t\t\t\t\t\t\t\t<p>Up to <span style=\"text-decoration: underline;\">115 slips<\/span><\/p>\t\t\t\t\t\t\t\t<\/div>\n\t\t\t\t<\/div>\n\t\t\t\t<\/div>\n\t\t<div class=\"elementor-element elementor-element-c409a9b e-con-full e-flex e-con e-child\" data-id=\"c409a9b\" data-element_type=\"container\" data-e-type=\"container\">\n\t\t\t\t<div class=\"elementor-element elementor-element-6e6c1d6 animated-slow elementor-invisible elementor-widget elementor-widget-text-editor\" data-id=\"6e6c1d6\" data-element_type=\"widget\" data-e-type=\"widget\" data-settings=\"{&quot;_animation&quot;:&quot;fadeIn&quot;}\" data-widget_type=\"text-editor.default\">\n\t\t\t\t<div class=\"elementor-widget-container\">\n\t\t\t\t\t\t\t\t\t<p class=\"p2\">Floating concrete <span style=\"text-decoration: underline;\">docks<\/span> (unique in the area)<\/p>\t\t\t\t\t\t\t\t<\/div>\n\t\t\t\t<\/div>\n\t\t\t\t<\/div>\n\t\t<div class=\"elementor-element elementor-element-aabf1af e-con-full e-flex e-con e-child\" data-id=\"aabf1af\" data-element_type=\"container\" data-e-type=\"container\">\n\t\t\t\t<div class=\"elementor-element elementor-element-ac58d62 animated-slow elementor-invisible elementor-widget elementor-widget-text-editor\" data-id=\"ac58d62\" data-element_type=\"widget\" data-e-type=\"widget\" data-settings=\"{&quot;_animation&quot;:&quot;fadeIn&quot;}\" data-widget_type=\"text-editor.default\">\n\t\t\t\t<div class=\"elementor-widget-container\">\n\t\t\t\t\t\t\t\t\t<p class=\"p2\">Greater <span style=\"text-decoration: underline;\">stability and safety<\/span> for vessels<\/p>\t\t\t\t\t\t\t\t<\/div>\n\t\t\t\t<\/div>\n\t\t\t\t<\/div>\n\t\t<div class=\"elementor-element elementor-element-dc67916 e-con-full elementor-hidden-mobile elementor-hidden-tablet e-flex e-con e-child\" data-id=\"dc67916\" data-element_type=\"container\" data-e-type=\"container\">\n\t\t\t\t<div class=\"elementor-element elementor-element-f503fec animated-slow elementor-invisible elementor-widget elementor-widget-text-editor\" data-id=\"f503fec\" data-element_type=\"widget\" data-e-type=\"widget\" data-settings=\"{&quot;_animation&quot;:&quot;fadeIn&quot;}\" data-widget_type=\"text-editor.default\">\n\t\t\t\t<div class=\"elementor-widget-container\">\n\t\t\t\t\t\t\t\t\t<p>INFRASTRUCTURE<\/p>\t\t\t\t\t\t\t\t<\/div>\n\t\t\t\t<\/div>\n\t\t\t\t<\/div>\n\t\t\t\t\t<\/div>\n\t\t\t\t<\/div>\n\t\t<div class=\"elementor-element elementor-element-775decd e-con-full e-flex e-con e-parent\" data-id=\"775decd\" data-element_type=\"container\" data-e-type=\"container\" data-settings=\"{&quot;background_background&quot;:&quot;classic&quot;}\">\n\t\t<div class=\"elementor-element elementor-element-ac1fc9e e-con-full e-flex e-con e-child\" data-id=\"ac1fc9e\" data-element_type=\"container\" data-e-type=\"container\" data-settings=\"{&quot;background_background&quot;:&quot;classic&quot;}\">\n\t\t\t\t<\/div>\n\t\t<div class=\"elementor-element elementor-element-4ffe074 e-con-full e-flex e-con e-child\" data-id=\"4ffe074\" data-element_type=\"container\" data-e-type=\"container\">\n\t\t\t\t<div class=\"elementor-element elementor-element-973fbd5 elementor-widget elementor-widget-image\" data-id=\"973fbd5\" data-element_type=\"widget\" data-e-type=\"widget\" data-widget_type=\"image.default\">\n\t\t\t\t<div class=\"elementor-widget-container\">\n\t\t\t\t\t\t\t\t\t\t\t\t\t\t\t<img fetchpriority=\"high\" decoding=\"async\" width=\"600\" height=\"900\" src=\"https:\/\/gosmarina.com\/wp-content\/uploads\/2025\/11\/gosmarina-2.jpg\" class=\"attachment-large size-large wp-image-1136\" alt=\"\" srcset=\"https:\/\/gosmarina.com\/wp-content\/uploads\/2025\/11\/gosmarina-2.jpg 600w, https:\/\/gosmarina.com\/wp-content\/uploads\/2025\/11\/gosmarina-2-200x300.jpg 200w, https:\/\/gosmarina.com\/wp-content\/uploads\/2025\/11\/gosmarina-2-8x12.jpg 8w\" sizes=\"(max-width: 600px) 100vw, 600px\" \/>\t\t\t\t\t\t\t\t\t\t\t\t\t\t\t<\/div>\n\t\t\t\t<\/div>\n\t\t\t\t<\/div>\n\t\t<div class=\"elementor-element elementor-element-53c47e1 e-con-full e-flex e-con e-child\" data-id=\"53c47e1\" data-element_type=\"container\" data-e-type=\"container\">\n\t\t\t\t<div class=\"elementor-element elementor-element-0a05c6b animated-slow elementor-invisible elementor-widget elementor-widget-text-editor\" data-id=\"0a05c6b\" data-element_type=\"widget\" data-e-type=\"widget\" data-settings=\"{&quot;_animation&quot;:&quot;fadeIn&quot;}\" data-widget_type=\"text-editor.default\">\n\t\t\t\t<div class=\"elementor-widget-container\">\n\t\t\t\t\t\t\t\t\t<p class=\"p2\">TECHNOLOGY AND DESIGN<\/p>\t\t\t\t\t\t\t\t<\/div>\n\t\t\t\t<\/div>\n\t\t\t\t<div class=\"elementor-element elementor-element-9dd7c2d animated-slow elementor-invisible elementor-widget elementor-widget-text-editor\" data-id=\"9dd7c2d\" data-element_type=\"widget\" data-e-type=\"widget\" data-settings=\"{&quot;_animation&quot;:&quot;fadeIn&quot;}\" data-widget_type=\"text-editor.default\">\n\t\t\t\t<div class=\"elementor-widget-container\">\n\t\t\t\t\t\t\t\t\t<p class=\"p1\">Every element has been designed to optimize operations, enhance the user experience, and ensure long-term durability.<\/p>\t\t\t\t\t\t\t\t<\/div>\n\t\t\t\t<\/div>\n\t\t\t\t<div class=\"elementor-element elementor-element-27d60d5 elementor-align-left elementor-mobile-align-center elementor-widget elementor-widget-button\" data-id=\"27d60d5\" data-element_type=\"widget\" data-e-type=\"widget\" data-widget_type=\"button.default\">\n\t\t\t\t<div class=\"elementor-widget-container\">\n\t\t\t\t\t\t\t\t\t<div class=\"elementor-button-wrapper\">\n\t\t\t\t\t<a class=\"elementor-button elementor-button-link elementor-size-sm elementor-animation-shrink\" href=\"\/english\/contacto\/\">\n\t\t\t\t\t\t<span class=\"elementor-button-content-wrapper\">\n\t\t\t\t\t\t\t\t\t<span class=\"elementor-button-text\">Get a quote for your slip<\/span>\n\t\t\t\t\t<\/span>\n\t\t\t\t\t<\/a>\n\t\t\t\t<\/div>\n\t\t\t\t\t\t\t\t<\/div>\n\t\t\t\t<\/div>\n\t\t\t\t<\/div>\n\t\t\t\t<\/div>\n\t\t\t\t<\/div>","protected":false},"excerpt":{"rendered":"<p>Dise\u00f1ada para quienes viven el mar diferente. GOS Marina es un desarrollo n\u00e1utico de nueva generaci\u00f3n que combina infraestructura avanzada, dise\u00f1o funcional y una visi\u00f3n contempor\u00e1nea del lujo. Con capacidad para embarcaciones de 40 a 120 pies, ofrece un entorno seguro, eficiente y est\u00e9ticamente superior. INFRAESTRUCTURA Hasta 115 slips Muelles flotantes de concreto (\u00fanicos en [&hellip;]<\/p>\n","protected":false},"author":1,"featured_media":0,"parent":0,"menu_order":0,"comment_status":"closed","ping_status":"closed","template":"elementor_header_footer","meta":{"footnotes":""},"class_list":["post-1344","page","type-page","status-publish","hentry"],"yoast_head":"<!-- This site is optimized with the Yoast SEO plugin v27.4 - https:\/\/yoast.com\/product\/yoast-seo-wordpress\/ -->\n<title>La Marina - Gos Marina<\/title>\n<meta name=\"robots\" content=\"index, follow, max-snippet:-1, max-image-preview:large, max-video-preview:-1\" \/>\n<link rel=\"canonical\" href=\"https:\/\/gosmarina.com\/english\/la-marina\/\" \/>\n<meta property=\"og:locale\" content=\"en_US\" \/>\n<meta property=\"og:type\" content=\"article\" \/>\n<meta property=\"og:title\" content=\"La Marina - Gos Marina\" \/>\n<meta property=\"og:description\" content=\"Dise\u00f1ada para quienes viven el mar diferente. GOS Marina es un desarrollo n\u00e1utico de nueva generaci\u00f3n que combina infraestructura avanzada, dise\u00f1o funcional y una visi\u00f3n contempor\u00e1nea del lujo. Con capacidad para embarcaciones de 40 a 120 pies, ofrece un entorno seguro, eficiente y est\u00e9ticamente superior. INFRAESTRUCTURA Hasta 115 slips Muelles flotantes de concreto (\u00fanicos en [&hellip;]\" \/>\n<meta property=\"og:url\" content=\"https:\/\/gosmarina.com\/english\/la-marina\/\" \/>\n<meta property=\"og:site_name\" content=\"Gos Marina\" \/>\n<meta property=\"article:modified_time\" content=\"2026-04-10T15:59:27+00:00\" \/>\n<meta property=\"og:image\" content=\"http:\/\/gosmarina.com\/wp-content\/uploads\/2025\/11\/gosmarina-2.jpg\" \/>\n<meta name=\"twitter:card\" content=\"summary_large_image\" \/>\n<meta name=\"twitter:label1\" content=\"Est. reading time\" \/>\n\t<meta name=\"twitter:data1\" content=\"1 minute\" \/>\n<script type=\"application\/ld+json\" class=\"yoast-schema-graph\">{\"@context\":\"https:\\\/\\\/schema.org\",\"@graph\":[{\"@type\":\"WebPage\",\"@id\":\"https:\\\/\\\/gosmarina.com\\\/la-marina\\\/\",\"url\":\"https:\\\/\\\/gosmarina.com\\\/la-marina\\\/\",\"name\":\"La Marina - Gos Marina\",\"isPartOf\":{\"@id\":\"http:\\\/\\\/gosmarina.com\\\/#website\"},\"primaryImageOfPage\":{\"@id\":\"https:\\\/\\\/gosmarina.com\\\/la-marina\\\/#primaryimage\"},\"image\":{\"@id\":\"https:\\\/\\\/gosmarina.com\\\/la-marina\\\/#primaryimage\"},\"thumbnailUrl\":\"http:\\\/\\\/gosmarina.com\\\/wp-content\\\/uploads\\\/2025\\\/11\\\/gosmarina-2.jpg\",\"datePublished\":\"2026-04-07T22:24:07+00:00\",\"dateModified\":\"2026-04-10T15:59:27+00:00\",\"breadcrumb\":{\"@id\":\"https:\\\/\\\/gosmarina.com\\\/la-marina\\\/#breadcrumb\"},\"inLanguage\":\"en-US\",\"potentialAction\":[{\"@type\":\"ReadAction\",\"target\":[\"https:\\\/\\\/gosmarina.com\\\/la-marina\\\/\"]}]},{\"@type\":\"ImageObject\",\"inLanguage\":\"en-US\",\"@id\":\"https:\\\/\\\/gosmarina.com\\\/la-marina\\\/#primaryimage\",\"url\":\"http:\\\/\\\/gosmarina.com\\\/wp-content\\\/uploads\\\/2025\\\/11\\\/gosmarina-2.jpg\",\"contentUrl\":\"http:\\\/\\\/gosmarina.com\\\/wp-content\\\/uploads\\\/2025\\\/11\\\/gosmarina-2.jpg\"},{\"@type\":\"BreadcrumbList\",\"@id\":\"https:\\\/\\\/gosmarina.com\\\/la-marina\\\/#breadcrumb\",\"itemListElement\":[{\"@type\":\"ListItem\",\"position\":1,\"name\":\"Portada\",\"item\":\"https:\\\/\\\/gosmarina.com\\\/\"},{\"@type\":\"ListItem\",\"position\":2,\"name\":\"La Marina\"}]},{\"@type\":\"WebSite\",\"@id\":\"http:\\\/\\\/gosmarina.com\\\/#website\",\"url\":\"http:\\\/\\\/gosmarina.com\\\/\",\"name\":\"Gos Marina\",\"description\":\"Yacht Marina\",\"publisher\":{\"@id\":\"http:\\\/\\\/gosmarina.com\\\/#organization\"},\"potentialAction\":[{\"@type\":\"SearchAction\",\"target\":{\"@type\":\"EntryPoint\",\"urlTemplate\":\"http:\\\/\\\/gosmarina.com\\\/?s={search_term_string}\"},\"query-input\":{\"@type\":\"PropertyValueSpecification\",\"valueRequired\":true,\"valueName\":\"search_term_string\"}}],\"inLanguage\":\"en-US\"},{\"@type\":\"Organization\",\"@id\":\"http:\\\/\\\/gosmarina.com\\\/#organization\",\"name\":\"Gos Marina\",\"url\":\"http:\\\/\\\/gosmarina.com\\\/\",\"logo\":{\"@type\":\"ImageObject\",\"inLanguage\":\"en-US\",\"@id\":\"http:\\\/\\\/gosmarina.com\\\/#\\\/schema\\\/logo\\\/image\\\/\",\"url\":\"http:\\\/\\\/gosmarina.com\\\/wp-content\\\/uploads\\\/2022\\\/10\\\/gosmarina-isotipo-02.png\",\"contentUrl\":\"http:\\\/\\\/gosmarina.com\\\/wp-content\\\/uploads\\\/2022\\\/10\\\/gosmarina-isotipo-02.png\",\"width\":702,\"height\":1556,\"caption\":\"Gos Marina\"},\"image\":{\"@id\":\"http:\\\/\\\/gosmarina.com\\\/#\\\/schema\\\/logo\\\/image\\\/\"}}]}<\/script>\n<!-- \/ Yoast SEO plugin. -->","yoast_head_json":{"title":"La Marina - Gos Marina","robots":{"index":"index","follow":"follow","max-snippet":"max-snippet:-1","max-image-preview":"max-image-preview:large","max-video-preview":"max-video-preview:-1"},"canonical":"https:\/\/gosmarina.com\/english\/la-marina\/","og_locale":"en_US","og_type":"article","og_title":"La Marina - Gos Marina","og_description":"Dise\u00f1ada para quienes viven el mar diferente. GOS Marina es un desarrollo n\u00e1utico de nueva generaci\u00f3n que combina infraestructura avanzada, dise\u00f1o funcional y una visi\u00f3n contempor\u00e1nea del lujo. Con capacidad para embarcaciones de 40 a 120 pies, ofrece un entorno seguro, eficiente y est\u00e9ticamente superior. INFRAESTRUCTURA Hasta 115 slips Muelles flotantes de concreto (\u00fanicos en [&hellip;]","og_url":"https:\/\/gosmarina.com\/english\/la-marina\/","og_site_name":"Gos Marina","article_modified_time":"2026-04-10T15:59:27+00:00","og_image":[{"url":"http:\/\/gosmarina.com\/wp-content\/uploads\/2025\/11\/gosmarina-2.jpg","type":"","width":"","height":""}],"twitter_card":"summary_large_image","twitter_misc":{"Est. reading time":"1 minute"},"schema":{"@context":"https:\/\/schema.org","@graph":[{"@type":"WebPage","@id":"https:\/\/gosmarina.com\/la-marina\/","url":"https:\/\/gosmarina.com\/la-marina\/","name":"La Marina - Gos Marina","isPartOf":{"@id":"http:\/\/gosmarina.com\/#website"},"primaryImageOfPage":{"@id":"https:\/\/gosmarina.com\/la-marina\/#primaryimage"},"image":{"@id":"https:\/\/gosmarina.com\/la-marina\/#primaryimage"},"thumbnailUrl":"http:\/\/gosmarina.com\/wp-content\/uploads\/2025\/11\/gosmarina-2.jpg","datePublished":"2026-04-07T22:24:07+00:00","dateModified":"2026-04-10T15:59:27+00:00","breadcrumb":{"@id":"https:\/\/gosmarina.com\/la-marina\/#breadcrumb"},"inLanguage":"en-US","potentialAction":[{"@type":"ReadAction","target":["https:\/\/gosmarina.com\/la-marina\/"]}]},{"@type":"ImageObject","inLanguage":"en-US","@id":"https:\/\/gosmarina.com\/la-marina\/#primaryimage","url":"http:\/\/gosmarina.com\/wp-content\/uploads\/2025\/11\/gosmarina-2.jpg","contentUrl":"http:\/\/gosmarina.com\/wp-content\/uploads\/2025\/11\/gosmarina-2.jpg"},{"@type":"BreadcrumbList","@id":"https:\/\/gosmarina.com\/la-marina\/#breadcrumb","itemListElement":[{"@type":"ListItem","position":1,"name":"Portada","item":"https:\/\/gosmarina.com\/"},{"@type":"ListItem","position":2,"name":"La Marina"}]},{"@type":"WebSite","@id":"http:\/\/gosmarina.com\/#website","url":"http:\/\/gosmarina.com\/","name":"Gos Marina","description":"Yacht Marina","publisher":{"@id":"http:\/\/gosmarina.com\/#organization"},"potentialAction":[{"@type":"SearchAction","target":{"@type":"EntryPoint","urlTemplate":"http:\/\/gosmarina.com\/?s={search_term_string}"},"query-input":{"@type":"PropertyValueSpecification","valueRequired":true,"valueName":"search_term_string"}}],"inLanguage":"en-US"},{"@type":"Organization","@id":"http:\/\/gosmarina.com\/#organization","name":"Gos Marina","url":"http:\/\/gosmarina.com\/","logo":{"@type":"ImageObject","inLanguage":"en-US","@id":"http:\/\/gosmarina.com\/#\/schema\/logo\/image\/","url":"http:\/\/gosmarina.com\/wp-content\/uploads\/2022\/10\/gosmarina-isotipo-02.png","contentUrl":"http:\/\/gosmarina.com\/wp-content\/uploads\/2022\/10\/gosmarina-isotipo-02.png","width":702,"height":1556,"caption":"Gos Marina"},"image":{"@id":"http:\/\/gosmarina.com\/#\/schema\/logo\/image\/"}}]}},"_links":{"self":[{"href":"http:\/\/gosmarina.com\/english\/wp-json\/wp\/v2\/pages\/1344","targetHints":{"allow":["GET"]}}],"collection":[{"href":"http:\/\/gosmarina.com\/english\/wp-json\/wp\/v2\/pages"}],"about":[{"href":"http:\/\/gosmarina.com\/english\/wp-json\/wp\/v2\/types\/page"}],"author":[{"embeddable":true,"href":"http:\/\/gosmarina.com\/english\/wp-json\/wp\/v2\/users\/1"}],"replies":[{"embeddable":true,"href":"http:\/\/gosmarina.com\/english\/wp-json\/wp\/v2\/comments?post=1344"}],"version-history":[{"count":70,"href":"http:\/\/gosmarina.com\/english\/wp-json\/wp\/v2\/pages\/1344\/revisions"}],"predecessor-version":[{"id":1627,"href":"http:\/\/gosmarina.com\/english\/wp-json\/wp\/v2\/pages\/1344\/revisions\/1627"}],"wp:attachment":[{"href":"http:\/\/gosmarina.com\/english\/wp-json\/wp\/v2\/media?parent=1344"}],"curies":[{"name":"wp","href":"https:\/\/api.w.org\/{rel}","templated":true}]}}